4864 and 101472?
672
Calculate the greatest common divisor of 442536 and 24.
24
What is the greatest common divisor of 308 and 2167?
11
What is the highest common divisor of 2853 and 3376684?
317
Calculate the greatest common divisor of 5480 and 20040.
40
Calculate the greatest common factor of 10272 and 33063.
321
Calculate the greatest common factor of 1062 and 4366.
118
Calculate the greatest common divisor of 60 and 1295340.
60
Calculate the greatest common divisor of 7533 and 2673.
243
What is the greatest common divisor of 37210 and 6710?
610
What is the greatest common divisor of 1196 and 395324?
92
What is the greatest common divisor of 3474 and 9378?
18
Calculate the greatest common factor of 430 and 525589.
43
What is the greatest common divisor of 15 and 243549?
3
Calculate the greatest common divisor of 1938384 and 112.
112
What is the greatest common divisor of 145 and 353017?
29
Calculate the greatest common factor of 202090 and 42.
14
What is the highest common factor of 11599 and 287?
7
Calculate the greatest common factor of 1751320 and 80.
40
Calculate the highest common factor of 12 and 7518.
6
Calculate the greatest common factor of 77193 and 99.
9
Calculate the greatest common factor of 213262 and 112.
14
What is the highest common factor of 424 and 77274?
106
Calculate the highest common divisor of 73354 and 6.
2
What is the greatest common divisor of 172023 and 289?
17
What is the greatest common divisor of 288391 and 173?
173
Calculate the greatest common divisor of 16 and 2190000.
16
What is the highest common factor of 4 and 275996?
4
What is the highest common factor of 365 and 15672005?
365
What is the greatest common divisor of 48708 and 27?
27
Calculate the greatest common divisor of 263252 and 55.
11
Calculate the greatest common divisor of 37602 and 18.
18
What is the greatest common factor of 6773 and 377?
13
What is the highest common factor of 165 and 6017?
11
What is the highest common factor of 60500 and 450?
50
Calculate the highest common divisor of 23828 and 112.
28
What is the highest common divisor of 10507 and 95?
19
Calculate the greatest common factor of 10282 and 3286.
106
Calculate the highest common factor of 607 and 192419.
607
What is the highest common divisor of 21512 and 2528?
8
Calculate the highest common factor of 458413 and 19.
19
What is the highest common divisor of 8626 and 1843?
19
What is the highest common factor of 97920 and 792?
72
What is the greatest common factor of 31589 and 32608?
1019
Calculate the highest common factor of 918 and 864.
54
Calculate the greatest common divisor of 11550 and 6006.
462
Calculate the greatest common factor of 118 and 138178.
118
What is the highest common factor of 112 and 55202?
14
What is the highest common factor of 9873789 and 129?
129
Calculate the greatest common factor of 845 and 21463.
169
Calculate the greatest common factor of 209 and 9306.
11
Calculate the highest common factor of 34 and 62.
2
What is the greatest common divisor of 840 and 922110?
210
What is the greatest common factor of 264 and 46542?
6
What is the greatest common divisor of 102645 and 81?
9
What is the greatest common divisor of 2220 and 460?
20
What is the highest common divisor of 242 and 392?
2
Calculate the highest common divisor of 45 and 68475.
15
What is the highest common divisor of 25912 and 41?
41
What is the greatest common factor of 5525 and 5270?
85
Calculate the greatest common divisor of 7843 and 7337.
253
Calculate the highest common divisor of 10530 and 495.
45
Calculate the highest common divisor of 890 and 53489.
89
What is the greatest common factor of 2580 and 1103595?
645
Calculate the greatest common divisor of 423504 and 51.
51
What is the greatest common divisor of 11 and 42407?
1
Calculate the highest common factor of 38173 and 413.
59
What is the highest common divisor of 6860089 and 1613?
1613
What is the highest common factor of 499477 and 561?
187
Calculate the greatest common divisor of 196 and 546644.
196
What is the greatest common factor of 1381623 and 399?
57
Calculate the highest common factor of 110 and 18656.
22
What is the highest common divisor of 33321 and 174?
87
What is the highest common divisor of 767 and 880221?
59
What is the highest common factor of 1610 and 1334?
46
What is the highest common divisor of 265455 and 5?
5
Calculate the highest common factor of 80592 and 46.
46
Calculate the greatest common factor of 4025 and 75.
25
Calculate the highest common divisor of 12881 and 99.
11
Calculate the greatest common divisor of 748350 and 450.
450
What is the greatest common divisor of 49377 and 10573?
109
Calculate the greatest common factor of 1650 and 12925.
275
Calculate the greatest common divisor of 325 and 3952.
13
Calculate the highest common factor of 2532 and 24.
12
Calculate the greatest common divisor of 7456 and 1616.
16
Calculate the greatest common divisor of 25949 and 154.
77
Calculate the highest common divisor of 37 and 90317.
37
What is the highest common factor of 8815 and 32465?
215
What is the greatest common divisor of 110 and 6446?
22
What is the greatest common divisor of 4724349 and 21?
21
What is the highest common factor of 1131 and 396285?
87
Calculate the greatest common factor of 205 and 385441.
41
Calculate the highest common factor of 26 and 1501006.
26
What is the highest common factor of 123 and 10127?
41
What is the highest common factor of 34990 and 20?
10
Calculate the highest common factor of 87600 and 8400.
1200
What is the highest common divisor of 2526 and 54?
6
Calculate the highest common divisor of 46 and 106651.
23
Calculate the highest common factor of 630 and 7530.
30
Calculate the greatest common factor of 97907 and 38.
19
Calculate the highest common factor of 1384448 and 13.
13
Calculate the greatest common factor of 9 and 1729134.
9
Calculate the greatest common factor of 1604 and 365311.
401
What is the greatest common divisor of 9804 and 1204?
172
What is the greatest common divisor of 310797 and 6561?
243
Calculate the greatest common factor of 208 and 299819.
13
Calculate the greatest common factor of 1536 and 2989568.
512
Calculate the highest common factor of 16096 and 248.
8
What is the greatest common divisor of 58841 and 261?
29
What is the highest common divisor of 312 and 79064?
8
Calculate the greatest common factor of 340 and 41735.
85
Calculate the greatest common divisor of 474 and 17696.
158
Calculate the highest common factor of 374 and 4607.
17
What is the highest common divisor of 347601 and 14061?
327
What is the greatest common factor of 1218 and 13818?
42
Calculate the greatest common divisor of 6 and 43863.
3
What is the highest common factor of 4650 and 1200?
150
Calculate the greatest common divisor of 932 and 1101158.
466
Calculate the highest common factor of 346449 and 161.
23
What is the greatest common factor of 366 and 266814?
366
What is the greatest common divisor of 87615 and 2596?
649
What is the greatest common factor of 621635 and 35?
35
What is the greatest common divisor of 75 and 5535?
15
Calculate the greatest common divisor of 4988 and 18560.
116
Calculate the greatest common factor of 1610 and 518.
14
What is the greatest common divisor of 4 and 17070?
2
What is the greatest common divisor of 9 and 6687?
9
What is the highest common factor of 2738 and 1?
1
Calculate the highest common factor of 5815 and 10.
5
Calculate the greatest common divisor of 253617 and 6552.
273
Calculate the highest common divisor of 15023 and 664.
83
What is the greatest common factor of 102 and 5220?
6
What is the highest common factor of 290 and 76618?
58
What is the greatest common divisor of 458 and 102?
2
Calculate the greatest common divisor of 229341 and 31423.
469
What is the highest common divisor of 54824 and 296?
8
Calculate the greatest common divisor of 16935 and 120.
15
Calculate the highest common factor of 8346 and 57.
3
What is the highest common divisor of 530 and 10670?
10
Calculate the highest common divisor of 2346 and 816.
102
What is the highest common factor of 79864 and 2680?
536
Calculate the highest common divisor of 488 and 1552084.
244
What is the greatest common factor of 8 and 5144?
8
What is the highest common div